{"id":4146,"date":"2024-11-20T13:09:39","date_gmt":"2024-11-20T11:09:39","guid":{"rendered":"https:\/\/it.esedu.fi\/home\/?page_id=4146"},"modified":"2024-11-28T13:30:55","modified_gmt":"2024-11-28T11:30:55","slug":"uusi-tutustu","status":"publish","type":"page","link":"https:\/\/it.esedu.fi\/home\/uusi-tutustu\/","title":{"rendered":"Uusi Tutustu"},"content":{"rendered":"\t\t<div data-elementor-type=\"wp-page\" data-elementor-id=\"4146\" class=\"elementor elementor-4146\">\n\t\t\t\t<div class=\"elementor-element elementor-element-c41781b e-flex e-con-boxed wpr-particle-no wpr-jarallax-no wpr-parallax-no wpr-sticky-section-no e-con e-parent\" data-id=\"c41781b\" data-element_type=\"container\" data-e-type=\"container\">\n\t\t\t\t\t<div class=\"e-con-inner\">\n\t\t\t\t<div class=\"elementor-element elementor-element-999251b elementor-widget elementor-widget-heading\" data-id=\"999251b\" data-element_type=\"widget\" data-e-type=\"widget\" data-widget_type=\"heading.default\">\n\t\t\t\t<div class=\"elementor-widget-container\">\n\t\t\t\t\t<h2 class=\"elementor-heading-title elementor-size-default\">Tutustu Velhon ty\u00f6h\u00f6n ja opiskeluun<\/h2>\t\t\t\t<\/div>\n\t\t\t\t<\/div>\n\t\t\t\t\t<\/div>\n\t\t\t\t<\/div>\n\t\t<div class=\"elementor-element elementor-element-fb1fdec e-flex e-con-boxed wpr-particle-no wpr-jarallax-no wpr-parallax-no wpr-sticky-section-no e-con e-parent\" data-id=\"fb1fdec\" data-element_type=\"container\" data-e-type=\"container\">\n\t\t\t\t\t<div class=\"e-con-inner\">\n\t\t\t\t<div class=\"elementor-element elementor-element-9667e04 elementor-widget elementor-widget-spacer\" data-id=\"9667e04\" data-element_type=\"widget\" data-e-type=\"widget\" data-widget_type=\"spacer.default\">\n\t\t\t\t<div class=\"elementor-widget-container\">\n\t\t\t\t\t\t\t<div class=\"elementor-spacer\">\n\t\t\t<div class=\"elementor-spacer-inner\"><\/div>\n\t\t<\/div>\n\t\t\t\t\t\t<\/div>\n\t\t\t\t<\/div>\n\t\t\t\t\t<\/div>\n\t\t\t\t<\/div>\n\t\t<div class=\"elementor-element elementor-element-fc03e77 e-flex e-con-boxed wpr-particle-no wpr-jarallax-no wpr-parallax-no wpr-sticky-section-no e-con e-parent\" data-id=\"fc03e77\" data-element_type=\"container\" data-e-type=\"container\">\n\t\t\t\t\t<div class=\"e-con-inner\">\n\t\t\t\t<div class=\"elementor-element elementor-element-2b785c2 elementor-widget elementor-widget-heading\" data-id=\"2b785c2\" data-element_type=\"widget\" data-e-type=\"widget\" data-widget_type=\"heading.default\">\n\t\t\t\t<div class=\"elementor-widget-container\">\n\t\t\t\t\t<h4 class=\"elementor-heading-title elementor-size-default\">Tutustu It-alaan ja kokeile mink\u00e4laista on olla Velho.\n\nKlikkaa kuvakkeita ja harjoittele Velhoilua kotona.<\/h4>\t\t\t\t<\/div>\n\t\t\t\t<\/div>\n\t\t\t\t\t<\/div>\n\t\t\t\t<\/div>\n\t\t<div class=\"elementor-element elementor-element-d564a81 e-grid e-con-boxed wpr-particle-no wpr-jarallax-no wpr-parallax-no wpr-sticky-section-no e-con e-parent\" data-id=\"d564a81\" data-element_type=\"container\" data-e-type=\"container\">\n\t\t\t\t\t<div class=\"e-con-inner\">\n\t\t<div class=\"elementor-element elementor-element-a91e6ab e-grid e-con-full wpr-particle-no wpr-jarallax-no wpr-parallax-no wpr-sticky-section-no e-con e-child\" data-id=\"a91e6ab\" data-element_type=\"container\" data-e-type=\"container\">\n\t\t\t\t<div class=\"elementor-element elementor-element-56ae336 elementor-view-default elementor-widget elementor-widget-icon\" data-id=\"56ae336\" data-element_type=\"widget\" data-e-type=\"widget\" data-widget_type=\"icon.default\">\n\t\t\t\t<div class=\"elementor-widget-container\">\n\t\t\t\t\t\t\t<div class=\"elementor-icon-wrapper\">\n\t\t\t<a class=\"elementor-icon\" href=\"https:\/\/www.freecodecamp.org\/\" target=\"_blank\">\n\t\t\t<i aria-hidden=\"true\" class=\"fas fa-laptop-code\"><\/i>\t\t\t<\/a>\n\t\t<\/div>\n\t\t\t\t\t\t<\/div>\n\t\t\t\t<\/div>\n\t\t\t\t<div class=\"elementor-element elementor-element-d075897 elementor-widget elementor-widget-text-editor\" data-id=\"d075897\" data-element_type=\"widget\" data-e-type=\"widget\" data-widget_type=\"text-editor.default\">\n\t\t\t\t<div class=\"elementor-widget-container\">\n\t\t\t\t\t\t\t\t\t<h3 class=\"elementor-icon-box-title\"><a href=\"https:\/\/www.freecodecamp.org\/%20\" target=\"_blank\" rel=\"noopener\">WWW<\/a><\/h3><p class=\"elementor-icon-box-description\">Klikkaamalla kuvaketta voit tutustua www-ohjelmoinnissa k\u00e4ytettyihin tekniikoihin, joita meill\u00e4kin opiskellaan.<\/p>\t\t\t\t\t\t\t\t<\/div>\n\t\t\t\t<\/div>\n\t\t\t\t<\/div>\n\t\t<div class=\"elementor-element elementor-element-9db6690 e-grid e-con-full wpr-particle-no wpr-jarallax-no wpr-parallax-no wpr-sticky-section-no e-con e-child\" data-id=\"9db6690\" data-element_type=\"container\" data-e-type=\"container\">\n\t\t\t\t<div class=\"elementor-element elementor-element-3514fd7 elementor-view-default elementor-widget elementor-widget-icon\" data-id=\"3514fd7\" data-element_type=\"widget\" data-e-type=\"widget\" data-widget_type=\"icon.default\">\n\t\t\t\t<div class=\"elementor-widget-container\">\n\t\t\t\t\t\t\t<div class=\"elementor-icon-wrapper\">\n\t\t\t<a class=\"elementor-icon\" href=\"https:\/\/codecombat.com\/\" target=\"_blank\">\n\t\t\t<i aria-hidden=\"true\" class=\"fas fa-gamepad\"><\/i>\t\t\t<\/a>\n\t\t<\/div>\n\t\t\t\t\t\t<\/div>\n\t\t\t\t<\/div>\n\t\t\t\t<div class=\"elementor-element elementor-element-9bd2a87 elementor-widget elementor-widget-text-editor\" data-id=\"9bd2a87\" data-element_type=\"widget\" data-e-type=\"widget\" data-widget_type=\"text-editor.default\">\n\t\t\t\t<div class=\"elementor-widget-container\">\n\t\t\t\t\t\t\t\t\t<h3 class=\"elementor-icon-box-title\"><a href=\"https:\/\/codecombat.com\/\" target=\"_blank\" rel=\"noopener\">CodeCombat<\/a><\/h3><p class=\"elementor-icon-box-description\">Klikkaamalla kuvaketta voit kokeilla koodaamista pelaamisen kautta. Kokeile hauskaa ja innostavaa tapaa oppia Velhoksi.<\/p>\t\t\t\t\t\t\t\t<\/div>\n\t\t\t\t<\/div>\n\t\t\t\t<\/div>\n\t\t<div class=\"elementor-element elementor-element-80c6846 e-grid e-con-full wpr-particle-no wpr-jarallax-no wpr-parallax-no wpr-sticky-section-no e-con e-child\" data-id=\"80c6846\" data-element_type=\"container\" data-e-type=\"container\">\n\t\t\t\t<div class=\"elementor-element elementor-element-af22c94 elementor-view-default elementor-widget elementor-widget-icon\" data-id=\"af22c94\" data-element_type=\"widget\" data-e-type=\"widget\" data-widget_type=\"icon.default\">\n\t\t\t\t<div class=\"elementor-widget-container\">\n\t\t\t\t\t\t\t<div class=\"elementor-icon-wrapper\">\n\t\t\t<a class=\"elementor-icon\" href=\"https:\/\/scratch.mit.edu\/\" target=\"_blank\">\n\t\t\t<i aria-hidden=\"true\" class=\"far fa-file-code\"><\/i>\t\t\t<\/a>\n\t\t<\/div>\n\t\t\t\t\t\t<\/div>\n\t\t\t\t<\/div>\n\t\t\t\t<div class=\"elementor-element elementor-element-2521dd1 elementor-widget elementor-widget-text-editor\" data-id=\"2521dd1\" data-element_type=\"widget\" data-e-type=\"widget\" data-widget_type=\"text-editor.default\">\n\t\t\t\t<div class=\"elementor-widget-container\">\n\t\t\t\t\t\t\t\t\t<h3 class=\"elementor-icon-box-title\"><a href=\"https:\/\/scratch.mit.edu\/\" target=\"_blank\" rel=\"noopener\">Scratch<\/a><\/h3><p class=\"elementor-icon-box-description\">Klikkaamalla kuvaketta voit tutustua ohjelmointiin Scratch koodaus-yhteis\u00f6ss\u00e4, jossa voit tehd\u00e4 monenlaista sis\u00e4lt\u00f6\u00e4.<\/p>\t\t\t\t\t\t\t\t<\/div>\n\t\t\t\t<\/div>\n\t\t\t\t<\/div>\n\t\t<div class=\"elementor-element elementor-element-0c77010 e-grid e-con-full wpr-particle-no wpr-jarallax-no wpr-parallax-no wpr-sticky-section-no e-con e-child\" data-id=\"0c77010\" data-element_type=\"container\" data-e-type=\"container\">\n\t\t\t\t<div class=\"elementor-element elementor-element-31fbc94 elementor-view-default elementor-widget elementor-widget-icon\" data-id=\"31fbc94\" data-element_type=\"widget\" data-e-type=\"widget\" data-widget_type=\"icon.default\">\n\t\t\t\t<div class=\"elementor-widget-container\">\n\t\t\t\t\t\t\t<div class=\"elementor-icon-wrapper\">\n\t\t\t<a class=\"elementor-icon\" href=\"https:\/\/ohjelmointi-23.mooc.fi\/\" target=\"_blank\">\n\t\t\t<i aria-hidden=\"true\" class=\"fab fa-python\"><\/i>\t\t\t<\/a>\n\t\t<\/div>\n\t\t\t\t\t\t<\/div>\n\t\t\t\t<\/div>\n\t\t\t\t<div class=\"elementor-element elementor-element-e0d22b8 elementor-widget elementor-widget-text-editor\" data-id=\"e0d22b8\" data-element_type=\"widget\" data-e-type=\"widget\" data-widget_type=\"text-editor.default\">\n\t\t\t\t<div class=\"elementor-widget-container\">\n\t\t\t\t\t\t\t\t\t<h3 class=\"elementor-icon-box-title\"><a href=\"https:\/\/ohjelmointi-23.mooc.fi\/\" target=\"_blank\" rel=\"noopener\">Python<\/a><\/h3><p class=\"elementor-icon-box-description\">Klikkaa kuvaketta ja tutustu Python -ohjelmointikielen perusteisiin. Pythonia k\u00e4ytet\u00e4\u00e4n useissa erilaisissa ohjelmissa<\/p>\t\t\t\t\t\t\t\t<\/div>\n\t\t\t\t<\/div>\n\t\t\t\t<\/div>\n\t\t\t\t\t<\/div>\n\t\t\t\t<\/div>\n\t\t\t\t<\/div>\n\t\t","protected":false},"excerpt":{"rendered":"<p>Tutustu Velhon ty\u00f6h\u00f6n ja opiskeluun Tutustu It-alaan ja kokeile mink\u00e4laista on olla Velho. Klikkaa kuvakkeita ja harjoittele Velhoilua kotona. WWW Klikkaamalla kuvaketta voit tutustua www-ohjelmoinnissa k\u00e4ytettyihin tekniikoihin, joita meill\u00e4kin opiskellaan. CodeCombat Klikkaamalla kuvaketta voit kokeilla koodaamista pelaamisen kautta. Kokeile hauskaa ja innostavaa tapaa oppia Velhoksi. Scratch Klikkaamalla kuvaketta voit tutustua ohjelmointiin Scratch koodaus-yhteis\u00f6ss\u00e4, jossa voit tehd\u00e4 monenlaista sis\u00e4lt\u00f6\u00e4. Python Klikkaa kuvaketta ja tutustu Python -ohjelmointikielen perusteisiin. Pythonia k\u00e4ytet\u00e4\u00e4n useissa erilaisissa ohjelmissa<\/p>\n","protected":false},"author":9,"featured_media":0,"parent":0,"menu_order":0,"comment_status":"closed","ping_status":"closed","template":"elementor_canvas","meta":{"footnotes":""},"class_list":["post-4146","page","type-page","status-publish","hentry"],"_links":{"self":[{"href":"https:\/\/it.esedu.fi\/home\/wp-json\/wp\/v2\/pages\/4146","targetHints":{"allow":["GET"]}}],"collection":[{"href":"https:\/\/it.esedu.fi\/home\/wp-json\/wp\/v2\/pages"}],"about":[{"href":"https:\/\/it.esedu.fi\/home\/wp-json\/wp\/v2\/types\/page"}],"author":[{"embeddable":true,"href":"https:\/\/it.esedu.fi\/home\/wp-json\/wp\/v2\/users\/9"}],"replies":[{"embeddable":true,"href":"https:\/\/it.esedu.fi\/home\/wp-json\/wp\/v2\/comments?post=4146"}],"version-history":[{"count":109,"href":"https:\/\/it.esedu.fi\/home\/wp-json\/wp\/v2\/pages\/4146\/revisions"}],"predecessor-version":[{"id":4619,"href":"https:\/\/it.esedu.fi\/home\/wp-json\/wp\/v2\/pages\/4146\/revisions\/4619"}],"wp:attachment":[{"href":"https:\/\/it.esedu.fi\/home\/wp-json\/wp\/v2\/media?parent=4146"}],"curies":[{"name":"wp","href":"https:\/\/api.w.org\/{rel}","templated":true}]}}